 -3*g. Suppose -3*z - 1087 = -2*v + 151, 4*v - 2484 = a*z. What is the units digit of v?
5
Let t(f) = -23 + 4 + 163*f**3 - 162*f**3 - f**2. What is the hundreds digit of t(10)?
8
Let p(y) = 2*y**3 - 39*y**2 + 89*y - 1275. What is the thousands digit of p(34)?
5
Let h be ((-150)/(-9))/(385/(-195) + 2). Let z = 1210 - h. What is the tens digit of z?
6
Let p(u) = 19*u + 288. What is the hundreds digit of p(26)?
7
Let z(d) = -7*d - 83. Let g be z(-11). Let x(l) = -5*l - 6 + 2*l - 6*l. What is the units digit of x(g)?
8
Let u = 0 - -9. Let d be (u/18)/(1/(-162)). What is the tens digit of (104/(-3))/(54/d)?
5
Let q = -33766 + 57004. What is the ten thousands digit of q?
2
Suppose 0 = 4*r + 20 + 12. Let b be (6/(-8))/(2/r). Suppose b*z - c - 339 = 203, -4*c = z - 185. What is the tens digit of z?
8
Suppose 154 = -g + 12*g. Suppose 0 = -7*b - 0*b + g. Suppose -10*s + 1884 = b*s. What is the tens digit of s?
5
Let w(z) = 38*z**2 - 23*z - 5*z - 6 - z**3 + 36 - 10*z**2. Let n be w(27). What is the hundreds digit of n + 0 + 1 - -195?
1
Let r(u) = u**3 + 10*u**2 - 12*u + 8. Suppose -2*v + 30 = 3*v. Suppose -44 = -2*j + v*j. What is the units digit of r(j)?
9
Suppose y = -2*p + 155208, -155214 = 215*p - 217*p - 2*y. What is the units digit of p?
1
Let a be (1 - 93)/(-3 + 3066/1026). Suppose -h + a = 22*h. What is the hundreds digit of h?
3
Let a = 17 - 15. Suppose -6 = a*d, 2*g + g - 4*d - 39 = 0. Let c = 35 - g. What is the tens digit of c?
2
Suppose -4*n + 6353 = -o, -12*n - 5*o + 6371 = -8*n. Let i = n + -551. What is the hundreds digit of i?
0
Let s be (1 + 6/(-9)*-3)/1. Suppose 2*u - 3*t - 768 = -3*u, u - 144 = s*t. What is the tens digit of u?
5
Let h = 10 - 2254. Let x be h/14 + (-24)/(-84). What is the units digit of (2/(-4))/((2 - 0)/x)?
0
Let n be (3 + 1)*((-50)/(-40))/(-5). What is the hundreds digit of n*20*(-1536)/30?
0
Suppose h + 3*c = 1852, 5*h - c - 962 = 8314. What is the units digit of 9/3 + h/7?
8
Let b(a) = -2*a**2 + 21*a - 4. Let y be b(15). Let f = 40 - y. What is the tens digit of f?
7
Let l = -126 - -81. Let p = -49 - l. What is the tens digit of p/((1 - (-226)/(-222))*3)?
7
Let t(u) be the second derivative of -2*u**5/5 + 11*u**4/12 + 11*u**3/3 + 8*u**2 + 45*u + 3. What is the thousands digit of t(-5)?
1
Let t be 4/(-4*3/(-9)). Suppose 5*l - 511 = i - 71, -t*l = -5*i - 242. Let h = -87 + l. What is the units digit of h?
2
Let p be -12*3/(-9) - 31 - 4. Let s(t) = 2*t**2 + 42*t + 3. What is the hundreds digit of s(p)?
6
Let l = -21758 + 57818. What is the ten thousands digit of l?
3
Suppose 0 = 4*l + 3*f - 95867, l - 21*f - 23957 = -25*f. What is the tens digit of l?
6
Suppose -7*c = -3*c - 8. Let j = 381 + 391. What is the units digit of (j*c/4)/2?
3
Let u be 268/28 + (-3)/(-7). What is the tens digit of 2900/(-30)*(-12)/u?
1
Let c = 231 + 609. Suppose -c = -9*m + 3*m. Suppose -6*z = -m - 400. What is the units digit of z?
0
Suppose -25564 = -5*o - 2*s, 0 = -5*s + 2 + 8. What is the units digit of o?
2
Let y = -228 - -218. What is the tens digit of (6/y - 2)/(28/(-420))?
3
Suppose 0 = -461*p + 448*p + 44083. What is the units digit of p?
1
Suppose -2*l - 8*l + 10 = 0. Let h be ((0 + -5)/(-1))/l. Suppose -h*u = -7*u + 58. What is the units digit of u?
9
Let q be (18/(-12))/((-3)/6). Suppose -q*t + 4*t + 3358 = 2*d, 0 = -4*d - 3*t + 6716. What is the hundreds digit of d?
6
Suppose 0 = -14*k + 7 + 24941. What is the tens digit of k?
8
Suppose 0 = -4*h - 4*f + 88, 2*h + f = -3*h + 126. Let w = 62 + h. What is the units digit of w?
8
Let b = -17 - -41. Suppose 2*p - 29 - 19 = -5*s, p - b = -s. What is the tens digit of p/(-60)*(0 + -145)?
5
Suppose 412 = 7*k - 638. Suppose -q + 4*q = l - 162, l - k = -3*q. Suppose -15*b = -17*b + l. What is the tens digit of b?
7
Let b(v) = 117*v - 32. Let c be b(16). Let t = c + -172. What is the tens digit of t?
6
Let c(s) be the third derivative of s**6/120 + s**5/60 - s**4/12 + 145*s**3/3 + 28*s**2. Let h be c(0). Let u = h + -80. What is the units digit of u?
0
Let g(f) = 23*f**2 - 5*f - 3. Let t(l) = -l**2 + 20*l - 21. Let z be t(19). Let w be g(z). Let j = -85 + w. What is the tens digit of j?
1
Suppose 2*s - 4*j = 376, -13*s - 194 = -14*s + 3*j. What is the units digit of s?
6
Let y(l) be the third derivative of -2*l**4/3 - 65*l**3/3 + 140*l**2. What is the tens digit of y(-28)?
1
Suppose -420*v = -418*v - 258. Let r = -68 + 320. Suppose -125*b - r = -v*b. What is the units digit of b?
3
Let j(o) = 19 + 8 - 5*o + 5. Let a be j(6). What is the units digit of (a - -105) + -1 + -5 + 2?
3
What is the hundreds digit of (7713/4)/(1/(-16) + (-1815)/(-5808))?
7
Suppose -3*k = -3*g - 145479, -5*g + 101297 + 44206 = 3*k. What is the ten thousands digit of k?
4
Let j(d) = 4*d**2 - 89*d + 90*d - 3*d**2. Let i(y) = -3*y**3 + y**2 + 2*y - 7. Let l(b) = i(b) - 2*j(b). What is the hundreds digit of l(-4)?
1
Suppose -4*a = -4*r + 6*r - 302, 136 = 2*a + 4*r. Let j = a - 75. Suppose -5*p + j*p = -3*n + 178, -3*n + 148 = 4*p. What is the tens digit of n?
5
Suppose -27 = -f + 3*l, 4*f - 3*l + l = 158. Suppose -2*t = 2*w + w - f, 3*t = -4*w + 63. Suppose x - t = 28. What is the tens digit of x?
4
Suppose 37*n + 309 = 24805 + 2699. What is the hundreds digit of n?
7
Let j(r) = 6*r**2 + 30*r + 93. Let y be j(-4). Let g = -6 + 10. Let l = y + g. What is the units digit of l?
3
Let a = 25 + -25. Suppose a = -f + 2*q + 111, 2*q = -f - 2*q + 87. Let y = f - 14. What is the units digit of y?
9
Suppose 4*a = -g + 297401 - 83436, 5*a = -2*g + 267454. What is the thousands digit of a?
3
Suppose -4*b + 3*g + 2 = 0, 3*g - 12 = -3*b - 0. Suppose -5*z - 216 - 484 = -j, b*z = 2*j - 1424. What is the hundreds digit of j?
7
Let q(m) = 13*m**2 + 10*m + 8. Suppose -15*z + 135 = 15. What is the units digit of q(z)?
0
Let x = 220 + -42. Suppose -107 - x = -5*i. What is the units digit of i?
7
Let m be (-63)/90*-666 + (-4)/(-5). Suppose -2*d = -3*s - m, -5*s + 3 = 8. What is the tens digit of d?
3
Suppose 3*l - 9 = -5*a, -5 = -l - 3*a + 2. What is the tens digit of 5 + 244 + 3 - l?
5
Suppose -3 = -6*j + 5*j. Suppose -5*k + j*k = -46. Suppose k = 5*v - 2. What is the units digit of v?
5
Let g(b) = 4*b**2 - 13*b + 17. Let s be g(12). Let v = 807 - s. Let m = -136 + v. What is the tens digit of m?
3
Let r be 6/6 - (1 + 270). What is the units digit of 2/(-30) + (-181728)/r?
3
Suppose 5*c + 97 + 388 = 5*m, 5*c = -2*m + 208. Let l = -5 + m. What is the units digit of -2*l/(-12) - 2/(-6)?
6
Suppose 11*n = -66*n + 3377957 + 868901. What is the thousands digit of n?
5
Let c(r) = -r + 12. Let w be c(12). Suppose -8 = -p + 5*p, 4*k - 3*p - 5302 = w. What is the hundreds digit of k?
3
Suppose 1053*r = 1037*r + 141280. What is the units digit of r?
0
Suppose 8*g - 76 - 36 = 0. Let j(t) = 43*t + 65. What is the hundreds digit of j(g)?
6
Let g(u) = 74*u - 1078. What is the units digit of g(38)?
4
Suppose u - 5*y = -22, -4*u + 2*y = y + 107. Let j(z) = -2*z + 85. Let m be j(32). Let s = m - u. What is the tens digit of s?
4
What is the ten thousands digit of 8 - ((-412)/(-5))/(7/(-1295))?
1
Let d(k) = k**3 + 73*k**2 + 31*k - 720. What is the thousands digit of d(-53)?
3
Let q(s) = -2*s**2 - 6*s - 4. Let x be q(-4). Let g be 0 + 164 - (x + 12). Let c = g + -115. What is the units digit of c?
9
Suppose 5*n - 19 = 1. Suppose -n*m + 12 = 0, 0 = 7*p - 3*p + 2*m - 1346. What is the hundreds digit of p?
3
Let p(o) be the third derivative of -o**7/2520 + o**6/60 - o**5/5 + o**2. Let w(m) be the third derivative of p(m). What is the tens digit of w(0)?
1
Let d(x) = 94*x**3 + 4*x**2 - 4*x + 65. What is the hundreds digit of d(5)?
8
Suppose 15*m + 44 = -16. Let o = 5 - 4. What is the units digit of m - (-2 + (-113)/o)?
1
Suppose -23*w + 12884 = -1790. Suppose 20*d - 18*d - w = 0. What is the units digit of d?
9
Let d(b) = b**2 - 6*b + 8. Let w be d(5). Let q be (w + -132)/((15/2)/(-5)). Let p = q + -29. What is the tens digit of p?
5
Let t be (-223)/(1 + (-4 - -2)). Suppose 5*o - t = 2*w, 5 = -3*w - 2*o - 377. Let i = 152 + w. What is the tens digit of i?
2
Let n(f) = f**3 + 7*f**2 - 545*f + 49. What is the units digit of n(-25)?
4
Let s(c) be the third derivative of 5/4*c**4 - 3/2*c**3 + 35*c**2 + 0*c + 0. What is the tens digit of s(5)?
4
Suppose a = -9, -1